 + -15 + 20)
26
Evaluate -1 + -40 - (22 + -33) - -9.
-21
What is -2 + 1 + 10 + -8 - (1 + 22)?
-22
Calculate -47 + 42 + (-6 + 3 - -17).
9
-9 + (-30 - -33) - (-1 + -7)
2
What is (-22 - 1 - -8) + (-7 - -54)?
32
(17 + -12 - -29) + (0 - 13)
21
Calculate -1 - -6 - (-11 + (-7 - -14)).
9
What is the value of (-52 - -44) + 1 + -4 + 1?
-10
Evaluate 27 + -29 + 7 + 17.
22
What is the value of -27 - (10 - 61) - 10?
14
What is the value of -13 + 5 - (-5 - (-15 - -5) - 4)?
-9
What is (5 - 18) + 2 - -20?
9
What is the value of -22 - (-16 + (2 - -13))?
-21
9 - (-21 + 35) - (-4 - -1)
-2
Evaluate (3 - 7) + -210 + 199.
-15
9 + (-2 + -2 - (-14 - -18))
1
Calculate (-3 - -6) + 14 + -6 + -16.
-5
What is -17 + 12 - (5 - (-5 + 11 - -16))?
12
What is 0 - -24 - (-120 - -126)?
18
What is the value of 0 + 1 + -41 + 42?
2
7 + 2 + 2 + -7 + -15
-11
1 - (-8 + 5 - (7 - 5) - -7)
-1
-20 + 29 + -44 - -60
25
Evaluate -1 + 3 + 2 + -2 - (-2 + -2).
6
-39 + (1 - (-9 + -10))
-19
What is the value of -27 + (-6 - -12 - -4 - (9 + -7))?
-19
What is the value of -4 + 10 - 16 - 0?
-10
Calculate 11 - 9 - (-38 - -24).
16
Evaluate (3 - 8) + 19 + -21.
-7
Evaluate -9 + 0 + -4 + (15 - 8).
-6
What is (-28 - -41 - (9 + 0)) + 3 + -11?
-4
What is 3 + 0 + (-10 + 7 - -2)?
2
Calculate (1 - 0 - 3) + -1 + 25 + -12.
10
Calculate 11 - (1 + 0 + 12 + -9) - 15.
-8
What is 28 + (-9 - 7) - (3 + 2 - 8)?
15
-1 - (3 - (4 + -13)) - -2
-11
1260 - 1271 - (0 + -8)
-3
-3 - ((5 - 1) + 15 + (5 - 12))
-15
Evaluate 18 - 17 - -6 - (39 - 1).
-31
What is 9 + -22 - (-4 + 5 + 6 - 6)?
-14
What is 13 + -3 + -12 + 14?
12
Calculate -7 - (4 + -5) - (-8 - -1) - 4.
-3
What is -7 + (2 - (4 + 6) - -21) + -12?
-6
Calculate 5 + -1 + (-3 - 4) + -5.
-8
Evaluate 9 - (-39 + 38 + -2 + -5).
17
-21 + 15 + (14 - 0)
8
Evaluate (-39 - -12) + (-2 + -2 - -20).
-11
What is 6 - (-2 - -16) - (-2 - (-3 + 5))?
-4
Calculate 7 - (2 - 0 - -10).
-5
Calculate -30 + 12 + 48 + -9.
21
Evaluate 22 + (2 - (3 + -9)) + (3 - 8).
25
What is the value of -11 - (2 + 0) - (45 + -26 - 15)?
-17
What is the value of -422 + 428 + (-19 - -1)?
-12
What is (18 - -9) + (13 - 5) + -8?
27
What is the value of (-20 + 18 - 20) + 12 + -1?
-11
Calculate -6 + (6 + (10 - 24) - 10).
-24
-2 - (-7 - 2 - -5 - -17 - 6)
-9
What is the value of (-3 - -11) + (2 - (19 - 9))?
0
Evaluate 0 - 5 - 2 - (9 + 8 + -8).
-16
What is 102 + -88 + (-28 - -2)?
-12
What is -6 + 5 + (-2 - 6) + (20 - 15)?
-4
Calculate 5 + 1 + -2 - (-64 + (21 - -75)).
-28
What is the value of 12 - ((-19 - -7) + 45) - (1 - 2)?
-20
What is the value of (-6 + -26 - -15) + 6?
-11
4 + -19 + 0 + -2 + -5
-22
-3 - (-8 + 8 + (-8 - -2))
3
(12 - 11 - -4) + 8
13
(2 - -13 - 2) + (553 - 555)
11
Evaluate 7 - (-53 + 40 - (2 - 2)).
20
Evaluate -1 - 18 - (-30 + (-9 - -33)).
-13
What is the value of (-1 - 32) + (-13 + 21 + 3 - 3)?
-25
Evaluate (5 - 0) + 5 + -14 + -10.
-14
Calculate -1 + 10 - -5 - 2 - (-2 - 5).
19
What is the value of 5 + 8 - (8 - (-5 + 12))?
12
-1 - -6 - (19 - 18 - -8)
-4
Evaluate -5 - (22 + -23 - -3).
-7
What is 11 + -2 + (2 - (14 - -11))?
-14
10 - (6 - 10) - 26
-12
-2 + (-2 - 10 - -12 - 4) + -3
-9
What is the value of 8 + (-7 - 7) + 1?
-5
What is the value of 7 + -7 + (6 - 8 - 4)?
-6
What is the value of -1 + (81 - 83) + (-1 - -4)?
0
What is 23 + -1 - (-9 + (49 - 32))?
14
(4 - -17 - 4) + -14 + 13
16
Evaluate 28 - (7 + -8 + (10 + -8 - -1)).
26
What is -6 + (3 - 0) + -11 + -7?
-21
What is 5 - (20 + (2 - 8))?
-9
7 + 35 + 12 + -50
4
Evaluate 2 + 10 + -2 - (231 + -208).
-13
(-3 - 12) + (-22 - -29)
-8
-10 - (-3 - -1) - (-24 + (45 - 25))
-4
What is -2 - (-10 - 26 - -40)?
-6
Calculate 21 - (9 - 34) - 11.
35
What is 19 - (2 - (-25 - -21))?
13
Calculate -3 - -41 - -4 - ((10 - -27) + -29).
34
Calculate -19 - ((11 - -11) + (-18 - -1)).
-24
Evaluate -13 + (-1 - -1) + 3.
-10
Evaluate -6 - (18 - 23) - (1 - -8).
-10
Calculate 9 - ((5 - 0) + (11 - 17) + 5).
5
(8 - 13 - 2 - -5) + 10
8
What is the value of 7 + (12 - 7 - (-7 + 6 + 6))?
7
Calculate -2 + 6 + (279 - 308).
-25
What is the value of 15 - ((18 - 3) + -9)?
9
What is 0 + (4 - (-6 + 6 + 7)) - 4?
-7
(-34 + 17 - (-37 + 12)) + -1 + -28
-21
(2 + 1 - 37 - (93 + -101)) + 11
-15
Evaluate -24 + 73 + -1 + -78.
-30
(6 - 0 - (8 + -11)) + -25 - -4
-12
What is the value of 7 + 1 + 15 + (2 - 2) + 0?
23
Calculate -274 + 250 + -4 + 4 + 0.
-24
What is -1 + 17 - (-58 - -4 - -60)?
10
Calculate ((-11 - -13) + -14 - -54) + -1.
41
Calculate (5 - (22 + -10)) + -4.
-11
Calculate (-77 + 84 - (0 + 13)) + 9 + -8.
-5
What is 7 - (-2 + (9 - (11 - 15)))?
-4
What is (5 - 23) + 3 + (-1 - -4)?
-12
Evaluate (-26 - -46 - 53) + 22.
-11
What is 6 + -4 - -9 - (4 + 2)?
5
Calculate 9 + (-5 - -8) + -3 - 0.
9
4 + (5 - (-2 + 0 - (-23 - -12)))
0
Calculate 12 + -8 + 2 - (-5 + 2 - -31).
-22
Evaluate -23 - (-24 + 35 + -19).
-15
Evaluate (7 + 16 - 29) + 1.
-5
(-2 - (-7 + 4)) + 1 - (1 - -7)
-6
What is (-2 - (-8 + 13)) + 9?
2
Evaluate (8 - (10 + (9 - 10))) + 3 + -9.
-7
Calculate -335 + 334 + (0 - 4).
-5
Evaluate -4 + 0 + 42 + -17 + -28.
-7
Evaluate -4 + -2 + 3 + 3 - (15 + -15).
0
What is the value of -7 + -4 - -8 - -7?
4
3 + 14 + -3 + 1 - (37 - 32)
10
What is 2 + -11 + (21 - 5) + -9 + 3?
1
264 - 240 - (21 + -2)
5
Evaluate -6 + (18 - 39) + 20.
-7
Evaluate -10 + 1 + 0 + (109 - 103).
-3
What is the value of 18 - (-2 + (-2 - 1) + (12 - 1))?
12
(173 - 173) + (-5 + 1 - 4) + 4
-4
What is 7 + (-53 - -14 - -15) + 9?
-8
Evaluate 0 + 16 + 9 + -23 + -21.
-19
What is the value of 1 + 3 + -195 + 201?
10
(-5 - -16 - 5) + -15
-9
Evaluate -29 - (-65 + 21) - 1.
14
What is 10 + -28 + 14 + -2 + -2 + -1?
-9
Evaluate -11 + 18 + (-7 + 8 - 53) - -12.
-33
What is the value of -9 + 9 + (3 - (2 + -6)) - 6?
1
Calculate (7 - 1 - 14) + (-4 + 4 - -4).
-4
Calculate (-3 - (1 - 12)) + (-36 - -34) + 8.
14
1 - -15 - (30 - -19 - 47)
14
What is the value of (-13 + 1 + 22 - 1) + 13?
22
4 + -31 - (34 - 60)
-1
-16 + 1 - (-18 + 24 + -11 + 1)
-11
Calculate 13 - ((8 - 14) + 57 - 12).
-26
What is the value of -6 + 18 - (7 + 3)?
2
-2 + -1 + -2 + 10 + -11 + -6
-12
Evaluate 10 + 7 + -13 + 3 + -4.
3
Calculate 30 + (15 - 18) + -12.
15
Evaluate (-3 - (3 + 13)) + -4 + (12 - 16).
-27
What is the value of (-61 + 21 - -22) + 36?
18
Evaluate 11 + 8 + (-27 - (16 + -6)).
-18
Calculate 8 + (-5 - -1) - 1 - (18 - -1).
-16
What is -3 - (18 + (-29 - -32))?
-24
What is (-1 + 9 + 0 - 29) + -1?
-22
Evaluate 24 + -11 - (8 - 4).
9
Calculate (587 - 598) + (-2 - (2 - 13)).
-2
What is 9 + -33 - (14 + -2 + -25)?
-11
What is -191 + 201 + (15 - (1 - 4)) + 2?
30
Evaluate -86 - -40 - 4 - -11.
-39
Calculate 0 + -15 + -1 + -70 + -61 + 134.
-13
What is -2 - -5 - (-32 + 22)?
13
What is -4 - (-11 + (-6 - (-5 + 4 + -4)))?
8
What is (-1 - -15) + 6 + (12 - (7 + 14))?
11
What is (4 - 5 - (0 + 13)) + (218 - 214)?
-10
Evaluate 30 + -33 - (3 - (-5 - -2)).
-9
What is the value of -22 - (-45 + 21) - (0 - (3 + 6))?
11
(1 - 0) + (-63 - (-51 - 8))
-3
-6 - (11 + -23) - (-2 + 3)
5
What is the value of 2069 - 2065 - (-1 - (2 + 1) - 0)?
8
Calculate -7 - ((0 - (-3 + -2 - -3)) + 0).
-9
What is the value of (-9 + 11 - 8) + (23 - 20)?
-3
Calculate 24 - (12 - (4 - 4)).
12
What is the value of -3 - (-36 + 84) - -32?
-19
What is (21 - (10 - -3)) + -6 - -12?
14
-51 + 45 + (6 - ((2 - 4) + 4))
-2
Evaluate 7 + -3 + 11 + -11 + 12.
16
Evaluate 14 + (-27 - (4 - 14)) - -6.
3
Calculate -15 + (4 - -14) - (15 + -17).
5
Calculate 2 - -13 - ((-4 - -1) + 12) - 29.
-23
What is the value of (-18 - (-14 + -4)) + (-3 - (-2 - -3))?
-4
Evaluate 36 - (-3 + 1 - (-12 + (8 - 6))).
28
Calculate (-23 - 9 - -19) + 20.
7
What is the value of 8 + (6 - 9 - (10 - 22))?
17
What is the value of (-17 - -18) + -13 + 30 + -52?
-34
Evaluate (21 - -2) + (-82 - -78).
19
Calculate 0 - -3 - (-7 + 6 - 5) - -2.
11
-10 + 1 - (-35 - (-17 - -1))
10
What is (-12 - -24) + (-15 - -2)?
-1
Evaluate -63 + 51 + (-3 - -8) + -2.
-9
Evaluate (24 - 45) + 20 + -8 + 0.
-9
(0 + 0 - 2) + -52 + 51 + 6
3
What is the value of -9 - (13 + -20 - (5 - 14))?
-11
Calculate (0 - -4) + (-2 - (-13 + 1 + 1)).
13
Evaluate -35 + 16 - -13 - ((-18 - 2) + -1).
15
Evaluate (-2 - -1) + -6 + -126 + 135.
2
Calculate (3 - 14) + (4 + 5 - 8) - 19.
-29
Calculate 1 - (10 - -2) - (58 - -9 - 79).
1
3 - (-27 + 21) - 6
3
What is -6 + (1 - 5 - (-6 - (-4 + -3)))?
-11
Calculate 2 + ((0 - -1) + -9 - (-330 - -305)).
19
Calculate 6 + 34 +